et g = 30 + -31. Let p be (1 + 1 - g) + -5. Let m(a) = -a**3 - a - 2. Give m(p).
8
Let k(t) be the third derivative of -t**4/24 + t**3/6 + t**2. Suppose -8*j + 31 = -17. Suppose 136 - 100 = j*c. Calculate k(c).
-5
Let x(y) = -6*y**3 - 4*y**2 + 4*y - 2. Let b(d) = d**2 - d + 1. Let t(a) = -3*b(a) - x(a). Let j = 36603 - 36604. Calculate t(j).
-5
Let t(j) = j**2 + 7*j - 3. Suppose -i - 2*u - 16 = 3*i, -4*i - 16 = -3*u. Give t(i).
-15
Suppose 205 = 5*d - 2*l + 5*l, 0 = -5*l + 25. Suppose d = 4*m + 3*b, 5*m = 8*b - 12*b + 48. Let q(f) = f**3 - 7*f**2 - 8*f. Give q(m).
0
Let f(h) = -18*h**2 - 103 + 80 - 8*h**3 + 7*h**3 - h**3 + h**3 - h. Calculate f(-18).
-5
Let d(t) = -t**2 - 2*t + 1. Let g(i) = 2*i**2 + 6*i - 28. Let l(v) = -3*v**2 - 9*v + 41. Let n(k) = -8*g(k) - 5*l(k). Let b be n(-6). What is d(b)?
-2
Let y(q) = 250 + 253 + 4*q**2 - 4*q - 759 + 253. Calculate y(-2).
21
Let f(t) = -3*t**2 + 37*t - 6. Let p be f(12). Suppose -k - j = 3 - 7, 0 = 3*k - 3*j + p. Let d(a) = 5*a - 4*a + a**2 - 11*a**2. Determine d(k).
-9
Suppose 4*p - 6*u - 21 = -3*u, 3*u = p + 6. Let k(r) = r**2 - 8*r + 4. Let c be k(p). Let w(t) = t - 10. Determine w(c).
3
Let p(w) = w**2 - 51*w + 99. Let j be p(49). Let z be -4 + 1 - (-5*j + 0). Let m(q) = -6*q**2 + 4*q + 0*q**2 + q**3 - 2 + q**2. Give m(z).
-6
Let c(h) = -16*h**3 - 9*h**2 - 36*h - 103. Let s(u) = 7*u**3 + 5*u**2 + 18*u + 49. Let f(v) = 3*c(v) + 7*s(v). Give f(-6).
-2
Suppose -4*t + t + w + 457 = 0, t - 5*w - 143 = 0. Let z(k) = 2*k - t + k + 154. Calculate z(6).
19
Let n(m) = -9*m - 3*m + 3*m - m**2 - 6. Let z(o) = 5*o**2 + 45*o + 29. Let w = -612 + 623. Let v(r) = w*n(r) + 2*z(r). Give v(-8).
0
Let w = 1929 - 1930. Let y(q) = -14*q + 10*q - 39*q. Determine y(w).
43
Suppose 0 = 2*h + 5*p - 116, 3*h - 4*h - 2*p = -59. Let r be h/28*-1*4. Let m(q) = -2*q - 9. Calculate m(r).
9
Let y(n) be the second derivative of n**3/2 + 9*n**2/2 - n + 37. Suppose -3*p + 1 + 2 = 0. Let k be -1*4 + (-2)/p. Determine y(k).
-9
Let b(o) = 4*o - 58. Let l = 896 + -881. What is b(l)?
2
Let x(s) be the third derivative of 0 + 4*s - 4*s**2 + 5/24*s**4 + 3/2*s**3. Determine x(-8).
-31
Let f be 6/21 - (-92)/(-28). Let l(r) be the second derivative of 2*r**2 + 15*r + 1/3*r**3 + 0. What is l(f)?
-2
Let r = 5328 - 5323. Let b(z) be the third derivative of -22*z**2 + 1/6*z**4 + 1/6*z**3 + 1/60*z**r + 0*z + 0. Give b(-3).
-2
Let z(n) = -5*n + 6. Let g(p) = -p**3 + 9*p**2 - 8*p - 2. Let t be g(8). Let q(r) = r - 1. Let c(v) = t*z(v) - 11*q(v). Calculate c(-4).
3
Let g(b) = -16*b**2 - 1. Let o(j) = -34*j**2 - j - 3. Let m(i) = 2*g(i) - o(i). Determine m(3).
22
Let l(p) be the second derivative of p**4/12 + 19*p**3/6 + 21*p**2 - 2*p + 1426. What is l(-3)?
-6
Let n be (-5)/6*(-35 - -29). Suppose -407 = n*k - 447. Let r(q) = q**3 - 7*q**2 - 8*q + 5. What is r(k)?
5
Let k(z) = -3*z**2 - 26*z - 11. Let g be k(-8). Suppose -h = h - g*a + 9, 7 = 4*h - 5*a. Let w(r) = -r + 2. Calculate w(h).
-6
Suppose -3*l - 21 = -3*n, 2*n = 3*l + 3*n + 25. Let q(v) = v**3 - 3 + 8*v**2 + 42*v + 23*v - 67*v. Determine q(l).
13
Suppose 0 = t - 0*t - 3. Let v = -4 + t. Let q(j) = -13636651*j**2 + 6*j**3 + 13636651*j**2. What is q(v)?
-6
Let k(s) = 4*s + 8. Suppose 4*l = 51 - 39. Suppose -2*v + 5 = l*v. Let z(r) = -1. Let h(o) = v*k(o) + 8*z(o). Determine h(-3).
-12
Let v(l) be the third derivative of -l**6/120 + 13*l**5/60 + 43*l**3/6 - l**2 - 2459. What is v(13)?
43
Let u(d) = -8 + 3 + 4 + 2. Let f(h) = h**3 + 3*h**2 - 3*h + 3. Let n(q) = -f(q) + 6*u(q). Determine n(-4).
7
Let x(b) = 7*b - 13. Let l(f) = -9*f - 77. Let j be l(-8). Let n(a) = -9*a + 19. Let c(m) = j*n(m) - 7*x(m). Give c(-6).
20
Let g(x) = -x**3 - x. Let i(j) = j**2 + 4*j - 59. Let u be i(-11). Let s(m) = -2 - u*m - m**3 + 27*m - 3*m**2 - 6*m. Let p(r) = -2*g(r) + s(r). Determine p(3).
13
Let n(v) = 5*v + 1. Let q(m) = m**3 - 5*m**2 - 7*m + 7. Let f be (12/(-5))/(0 - (-2)/(-5)). Let s be q(f). Give n(s).
6
Suppose 47*t - 53*t = -96. Let w(a) = -3*a**2 + 34 + 4*a**2 - 12 - t - 6*a. Calculate w(6).
6
Let h = 59 - 32. Let n(p) = p**2 - 28*p + 29. Let o be n(h). Suppose 6*w - 2*s = 2*w + 32, o*s = -5*w + 40. Let a(l) = l**3 - 9*l**2 + 8*l. What is a(w)?
0
Let t(x) = -x**2 - 4*x + 13. Let j be t(6). Let v = -80 - j. Let a = 27 + v. Let o(f) = -f**3 - 5*f**2 + 6*f + 9. What is o(a)?
9
Let h(u) = -5*u - 186. Let y(n) = -412*n - 4157. Let w be y(-10). Give h(w).
-1
Let k(i) = i**3 + 5*i**2 + 3*i - 1. Let a = -34 + 33. Let q be a/2*(1 + -1). Suppose 0 = h + 3*n - 5, q = n + 2*n - 9. Calculate k(h).
3
Suppose 5*d + 36 = d. Let x(s) be the first derivative of s**2/2 + 8*s + 348. Let l be x(d). Let o(b) = b. What is o(l)?
-1
Let z = 7267 - 7276. Let v(h) = h**3 + 9*h**2 + 11*h + 87. Give v(z).
-12
Let l(c) = -5*c + 7. Let a(n) = 4*n - 4. Let w(f) = 4*a(f) + 3*l(f). Suppose x + 11 = 5*r, -2 = -3*x + 4*r - 24. Calculate w(x).
-1
Suppose -2*f = -2*b + 4, -3*b + 12 = -5*f + 4. Let w be -1 - b - (-4)/((-4)/(-3)). Let v(i) = -7*i**3 - 2*i**2 + 1. What is v(w)?
-8
Let d(l) = 56*l - 3176. Let u be d(57). Let o(f) = f**3 - 16*f**2 + f + 13. Determine o(u).
29
Let h(f) be the third derivative of f**6/120 - 7*f**5/20 - f**4/12 + 15*f**3/2 + 1129*f**2. Determine h(21).
3
Let g(v) = -v**2 - 12*v - 31. Let i(h) = -82*h + 486. Let j be i(6). Calculate g(j).
5
Let q = 28 + -26. Suppose 3*k + 0*k = q*k. Let a(w) = -7 + w**3 + k + 32*w**2 + 2*w - 26*w**2. Give a(-5).
8
Let l(u) be the first derivative of -3*u**2/2 + 89*u - 610. Determine l(20).
29
Let a(x) = x**2 - 19. Suppose -2 = -2*m + 6, -p + 700 = m. Let l = p - 696. Give a(l).
-19
Let h(j) = 12*j**2 - j + 2. Let t(s) = 73*s**2 - 16*s + 34. Let k(f) = 6*h(f) - t(f). Give k(3).
-1
Let b(n) = -76*n**3 - 18*n**2 - 27*n + 8. Let y(v) = 102*v**3 + 24*v**2 + 37*v - 11. Let l(x) = 11*b(x) + 8*y(x). What is l(-1)?
15
Let x(j) = -4*j**2 + 56 - j + 0*j + j**2 - 58 - 3*j**2. What is x(-1)?
-7
Let u(j) = -320*j + 26. Let k be u(1). Let s = 294 + k. Let y(m) = -m + 15. Calculate y(s).
15
Suppose 2*r - 5*r = 2*u - 60, -3*r = 4*u - 60. Suppose r*w - 121 = 9*w. Let h(j) = 26*j - 16*j + 8 - w*j. Give h(6).
2
Let x(b) be the third derivative of -b**5/120 + 5*b**4/24 + 101*b**3/6 - 40*b**2. Let m(s) be the first derivative of x(s). Give m(0).
5
Let b(m) = 15*m + 94. Let t be -1 - -1*(-9 - (-2 + -2)). Let d be b(t). Let l(p) = 2 - 2 - p - 3. Give l(d).
-7
Let j(d) = d**2 - 62*d + 81. Let l be j(26). Let z = l - -847. Let y(n) = -n**2 - 10*n - 6. What is y(z)?
10
Let c(m) = -m**2 - 4*m + 7. Let z be c(-5). Let j(s) = 0*s - 5*s**2 - 2 + 4*s**2 + s + 2*s**z. Calculate j(2).
4
Let u = -46 + 46. Suppose -4*z = -3*q - 2*z + 11, u = -2*q - z - 2. Let a be q*-3 + (-4 - 0). Let l(d) = -d - 4. Calculate l(a).
3
Let o(l) = -l**3 + 9*l**2 + 200*l - 1801. Let w be o(9). Let v(r) = 5*r - 6. Give v(w).
-11
Let s(g) = g**3 - 22*g**2 + 15*g + 130. Let i be -1*1 - -4 - (1918 + -1936). What is s(i)?
4
Suppose 2*f - 56 = 5*o, 206*o - 202*o = 3*f - 77. Let y(d) be the first derivative of -1/4*d**4 + 5/3*d**3 + 0*d**2 + f - d. Determine y(2).
11
Suppose 15*f - 144 = 6*f. Suppose -4*h = -3*j + j - f, -4*j - 7 = -3*h. Let t(i) = -i**2 + 3*i + 1. What is t(j)?
3
Let a = -2 + 1. Suppose 0 = -3*g - 6*k + 3*k - 3, -3 = -4*g + 3*k. Let c(q) = -177*q + g + 80*q - 1 + 83*q. Give c(a).
13
Let o(n) = 7*n - 46. Let w(u) = 2*u - 2. Let b(s) = -o(s) + 4*w(s). What is b(17)?
55
Suppose -43 + 40 = 3*z. Let p(s) = -4 + 1 - 113*s**2 + 3 + 124*s**2. Determine p(z).
11
Suppose -835*n - 351 = -822*n. Let l(d) = d + 7. Determine l(n).
-20
Suppose -10*g - 7 = -9*g. Let d be (-1)/g - 102/42*-2. Let v(w) = 2*w**2 - 10*w + 1. Give v(d).
1
Let o(g) = -3*g. Let u be o(-1). Let z = u - -2. Let h(k) = -3*k**3 + 3*k + 2*k + 4*k**3 - 4*k + 1 - 5*k**2. Give h(z).
6
Let i(g) = 7*g**2 - 2*g**3 + 4 + g**3 - 3*g**2 - 2*g. Let u be (4/(-9))/(37/(-333)). Suppose j + u*j = 15. What is i(j)?
7
Suppose 15 + 57 = 6*u. Suppose -17*o + u*o + 30 = 0. Let j(q) = -6*q + 10*q + 2 - 5*q. Determine j(o).
-4
Let n(t) be the third derivative of -47*t**4/12 + 345*t**3/2 + 2*t**2 + 83*t + 4. Give n(11).
1
Suppose 0 = h - 0*h. Let u(f) = f - 3*f - 656757917 + 656757911 + f. Determine u(h).
-6
Let y(b) = 35*b**3 - 166*b**2 - 13*b + 23. Let i(z) = 21*z**3 - 110*z**2 - 9*z + 